/a)*2. Suppose 0 = 5*u - 3*t + 58 - 268, 0 = -4*u - 4*t + 136. Calculate the highest common factor of u and k.
13
Let k(s) = -2*s**3. Let r be k(-3). Calculate the highest common divisor of r and 6.
6
Let q be (308/42)/((-2)/(-6)). What is the highest common divisor of q and 154?
22
Suppose 60 = 5*q - 3*m, 2*q = q + 3*m. Suppose q - 57 = -2*s. Let k = 485 + -401. Calculate the highest common factor of k and s.
21
Let h = -65 + 98. What is the highest common divisor of h and 55?
11
Let p = 279 - 395. Let o be -2 + (3 - p - -4). Calculate the greatest common divisor of o and 11.
11
Suppose -15 = 3*d - 6*d. Suppose -2*l - d = -105. What is the greatest common divisor of l and 20?
10
Suppose 0 = 5*o + 335 - 1010. Calculate the highest common divisor of 15 and o.
15
Let r = -6 + 11. Suppose -73 + 28 = r*q. Let a = q - -15. What is the greatest common divisor of 6 and a?
6
Let m = -125 - -305. Calculate the highest common factor of m and 18.
18
Let o(i) = 2*i**2 - 11*i + 30. Let f be o(5). Calculate the greatest common factor of f and 10.
5
Let t be -3 + ((-2)/(-1) - -17). Suppose 3*k = -2*k + 10. What is the greatest common divisor of k and t?
2
Suppose -3*v = 3*v - 72. What is the highest common factor of 8 and v?
4
Let d be 267/18 - (-2)/12. Let p = 27 - d. What is the highest common divisor of 24 and p?
12
Let z = -1 + 13. Suppose -3*l - 33 = -0*c + 2*c, -4*c + 2*l - 106 = 0. Let k = 36 + c. What is the highest common divisor of z and k?
12
Let y be (0 - (-12)/16)*-20. Let g = 18 + y. Calculate the greatest common factor of 9 and g.
3
Suppose 2*l + 3*s - 6 = -0*l, 2*s - 4 = 0. Let n be (4 - 3 - -6) + l. Calculate the greatest common divisor of n and 35.
7
Suppose 0 = 4*r - 7*r + 6. Suppose -r*j - 34 = -4*j - 4*u, 2*u + 64 = 2*j. What is the greatest common factor of 3 and j?
3
Suppose -p - 4*p = -4*l + 34, 0 = 4*l - 4. Let m = 11 + p. Let w(g) = 14*g**2 - 2*g - 2. Let b be w(2). Calculate the highest common factor of m and b.
5
Let u(d) = d**2 + 4*d - 14. Let f(h) = -h**3 - 6*h**2 + h - 1. Let q be f(-6). Let j be u(q). Calculate the highest common factor of 63 and j.
7
Let q be ((-27)/36)/((-1)/72). What is the greatest common divisor of q and 36?
18
Suppose 2 = 2*c - 4*g, -23 = 5*g - 8. Let h = -2 - c. Suppose 0 = -h*b + 19 + 2. Calculate the highest common divisor of 7 and b.
7
Let w(t) = 2*t**2 - 11*t - 7. Suppose -3 = -4*q + 29. Let l be w(q). Calculate the highest common factor of 11 and l.
11
Let p = 11 - 8. Suppose 0*i + 2*i - 74 = -2*k, i - k - 29 = 0. Calculate the highest common divisor of p and i.
3
Let h = 1 - 3. Let s = h - -2. Suppose -o = 3*l - s*o - 97, -4*o = -4. What is the greatest common factor of 16 and l?
16
Let n = -102 - -190. Suppose -n = -4*t + 40. Suppose 5*u + 41 = 4*i, 4*i + u = -3*u + t. Calculate the greatest common factor of 1 and i.
1
Suppose 6*g = 7*g - 70. What is the highest common divisor of 14 and g?
14
Suppose 0 = -3*f + f. Suppose f = -q + 6*q - 90. Suppose -7 - 3 = -5*o. Calculate the greatest common divisor of q and o.
2
Let b(k) = -13*k**3 - 2*k**2 + 1. Suppose 0 = 3*h - 0*h. Suppose 0 = 4*w + 16, h = t + 3*t - w. Let n be b(t). Calculate the highest common factor of 4 and n.
4
Let y be ((-348)/(-8))/((-3)/6). Let u = -12 - y. What is the greatest common factor of 30 and u?
15
Let l = 33 - 15. Suppose 2*g - 4 - l = 0. Calculate the highest common factor of g and 55.
11
Let d(m) = 10*m**2 - 4*m - 3. Let u be d(-2). Calculate the greatest common divisor of 30 and u.
15
Suppose 18 = 2*u - 0*u + 4*i, i - 15 = -4*u. Let b = u - -8. Suppose -3*y - c + 14 + b = 0, 5*y + c - 41 = 0. Calculate the highest common divisor of 72 and y.
8
Let x be (-7 - -3) + -4 + 76. Suppose w = -3*w + 340. Suppose 0 = -2*v, -5*g + w = -6*v + 3*v. Calculate the greatest common factor of x and g.
17
Let v be 3891/(-30)*-2 + (-4)/10. What is the highest common factor of v and 37?
37
Suppose 2*o + 5*x = 152, 0*x = o - 4*x - 50. What is the greatest common divisor of o and 6?
6
Let c = 19 + -16. Suppose -2 = 3*o - 11. What is the highest common divisor of c and o?
3
Let g(d) = -d - 3. Let b be g(-4). Suppose 0 = -3*l + 2 + 7. What is the highest common divisor of b and l?
1
Let w(q) = 2*q**2 - 9*q + 8. Let h be w(7). Suppose -5*l + h = 2*m - 2*l, 3*l + 17 = m. Let a = -3 - -8. What is the greatest common divisor of m and a?
5
Let h be -2 + -1 + 1 + 10. What is the highest common factor of h and 1?
1
Suppose 4*z - 172 = -4*o, -5*o + 2*z = z - 191. Suppose -i = -2*i + 1. Let u be (-210)/(-8) - i/4. What is the highest common divisor of u and o?
13
Suppose -v - 3 = -2*v. Suppose 2*o - 12 = v*p + 7, -59 = -4*o - p. Calculate the greatest common divisor of o and 14.
14
Let u(f) = f**3 + f**2 - f + 40. Suppose 0*b = 5*b. Let c be u(b). What is the greatest common divisor of 100 and c?
20
Suppose 40 = -3*m + 7*m. Let q(g) = 2*g - 6. Let b be q(13). Let k be b*(2 + -1)*2. Calculate the greatest common divisor of m and k.
10
Suppose -413 = -2*w - 5*s, 5*w = -4*s - 380 + 1421. What is the greatest common divisor of w and 11?
11
Let q(p) = -7*p + 2. Let u(o) = -7*o + 1. Let x(v) = -2*q(v) + 3*u(v). Let m be x(-7). What is the highest common factor of m and 6?
6
Suppose 0 = -2*l + 2 - 0. Suppose 4*q = 57 - l. What is the highest common divisor of q and 154?
14
Suppose 4*n - 40 + 8 = 0. Calculate the greatest common divisor of 32 and n.
8
Suppose h + 0*h = 55. Let o = 11 + 11. What is the highest common factor of h and o?
11
Suppose -d - 2200 = -9*d. What is the greatest common factor of 25 and d?
25
Suppose 4*p = -3*h + 211, 0 = -h + 5*p + 81 + 21. Calculate the greatest common factor of h and 11.
11
Let i(x) = 2*x**2 - 7*x + 8. Let b be i(9). Suppose 4*k + 0*k = 2*g - 76, 0 = -3*g - k + b. Calculate the highest common factor of 54 and g.
18
Let v(u) = u**3 + 8*u**2 + 6*u + 8. Let j be v(-7). Let t(f) = 39*f - 3. Let w be t(2). Calculate the highest common divisor of w and j.
15
Let r be 118/10 - 2/(-10). Let t = 1 + r. Calculate the highest common divisor of t and 104.
13
Suppose 0 = -2*j - 8, 60 = -0*y + y + 3*j. What is the highest common divisor of y and 18?
18
Suppose 4 = 4*b + 24. Let t = b - -60. What is the greatest common factor of t and 5?
5
Let v be (-54)/(2 + -5) - 3. Let g be ((-2)/(-1))/((-3)/(-9)). What is the highest common factor of v and g?
3
Let p(h) = h + 6. Suppose -5*s + 4*y = 15 + 30, -5*s + y - 30 = 0. Let c be p(s). What is the highest common factor of 9 and c?
1
Let s be (-1)/(-3) - (-29)/3. Suppose 0*q - 65 = -5*q - 5*r, 0 = -4*r + 12. Calculate the greatest common divisor of s and q.
10
Let o be (-3)/(-2)*3*-2. Let k = 41 + o. Calculate the highest common divisor of 4 and k.
4
Suppose 16*h - 114 = 10*h. Calculate the highest common factor of h and 19.
19
Suppose -2*h + 5*g + 60 = 0, -5*g + 185 = -0*h + 5*h. Calculate the highest common factor of h and 14.
7
Suppose h = -k + 302 + 57, 2*h + 5*k = 715. Suppose 31 = -4*q - 5*s + 319, -5*q + h = -2*s. What is the highest common factor of 48 and q?
24
Let a be (12/(-9) + 0)*-3. Suppose -w + 5 + a = 0. Let c = 30 - -33. What is the greatest common divisor of w and c?
9
Let c = 33 + -28. What is the greatest common divisor of c and 40?
5
Let w(a) = 37*a**2 + a. Let n be w(1). What is the highest common divisor of 76 and n?
38
Let c be 10/(-35) - 30/(-7). Suppose c*u + 486 = 2*z, 0*z = 3*z - 3. Let p = 275 + u. Calculate the greatest common divisor of 14 and p.
14
Let v(w) = -22*w + 2. Let p be v(-1). Let x be (-2 - -122)*p/30. What is the highest common factor of x and 12?
12
Suppose d + 5*p - 25 = -3*d, 2*d - p = 23. Let u(q) = 8*q. Let y be u(5). Calculate the greatest common divisor of d and y.
10
Let t be (-47)/(-2) + (-1)/2. Suppose 24 + 183 = y. What is the highest common divisor of y and t?
23
Let l be 3*96/9 - -1. Suppose -3*g = -210 - l. Let t = 0 - -9. What is the highest common divisor of g and t?
9
Let x be ((-27)/(-2))/(24/(-32)). Let n be x*((-3)/(-9))/(-1). What is the highest common divisor of 30 and n?
6
Let t(o) = -o + 7. Let y(u) = 3*u - 3. Let d be y(3). Let i be t(d). Let q be 15*(i + (-2)/3). Calculate the highest common divisor of 45 and q.
5
Let s = -22 + 78. Let l = 196 - 189. Calculate the greatest common divisor of s and l.
7
Let a = 261 + -151